-5*j**3 - 30*j**2 - 6*j + 11. Let g be ((2 - 3) + -1)/(-1). Suppose 44 = g*z - 4. What is the remainder when a(-6) is divided by z?
23
Suppose -20 = -4*z - 52*w + 54*w, 3*w + 14 = 4*z. Calculate the remainder when 2/(-1 - 40/(-38)) is divided by z.
6
Let c(x) = 52*x**2 - x. Suppose 350*g - 1504 = 1646. Calculate the remainder when c(2) is divided by g.
8
Suppose 2253 = 63*q - 18*q + 858. What is the remainder when 908 is divided by q?
9
Let s(j) = -6*j**3 + 498*j**2 + j + 74. What is the remainder when s(83) is divided by 15?
7
Suppose 145*o - 78*o - 22 = 65*o. Calculate the remainder when 5840 is divided by o.
10
Suppose -4*z + 9 = 9. Suppose 0*a + a + 1 = z, f + a = 128. Calculate the remainder when f is divided by 45.
39
Let a(z) = -14*z - 226. What is the remainder when a(-28) is divided by 22?
12
Let s = -5082 + 7064. Calculate the remainder when s is divided by 657.
11
Let d(v) = 2*v**2 + 4*v + 4. Let l be d(-3). Suppose -2*r + 0*r + l = 0. Calculate the remainder when (-13 + 1105/91)*((-1150)/15 + 9) is divided by r.
3
Let i = 538 - 510. Let y = 123 - 88. What is the remainder when y is divided by i?
7
Let j(y) be the second derivative of 29/2*y**2 - 27*y + 1/20*y**5 - 17/6*y**3 - 5/4*y**4 + 0. Calculate the remainder when 49 is divided by j(16).
10
Suppose -3*q + 395 = -2*y, q = 9*q + 4*y - 988. What is the remainder when q is divided by 54?
19
Let g(c) = -c**3 + 11. Suppose 7*p + 3*p = 4*p. Let z be g(p). Suppose -2*h = -3*j + 46, -j + z = -4*h - 1. What is the remainder when 156 is divided by j?
12
Let u be (-3)/((0 + 1)/((-129)/3)). Suppose -u = -3*c - 84. Calculate the remainder when 299 is divided by c.
14
Let x be 4/(4/909) + -8. Suppose -21*b + x = -4*b. Calculate the remainder when 110 is divided by b.
4
Suppose -s + 5 = -15. Let g = 26 - s. Calculate the remainder when (9/6)/(3/52) is divided by g.
2
Let o(n) = -405*n - 83422. Suppose 4*b + k - 56 = 33, -k + 26 = b. Calculate the remainder when b is divided by o(-206).
5
Let o(j) = 6*j + 21. Let g be ((-4)/(-2))/2*29. Let w = 42 - g. What is the remainder when o(0) is divided by w?
8
Suppose -x + 177*q - 182*q = -3625, -3617 = -x - 3*q. What is the remainder when x is divided by 41?
38
Suppose 36 = 57*b - 1818 - 1167. Calculate the remainder when 139 is divided by b.
33
Suppose -2*i = -5*g - 124, 2*i = 2*g - 0*g + 46. Let v = 29 + g. Suppose w - v = 23. What is the remainder when 47 is divided by w?
21
Suppose -7*b + 131 = -6*b. Let a = -16 - -34. What is the remainder when b is divided by a?
5
Let v(f) = -10*f**2 + 1462*f - 117. What is the remainder when 268 is divided by v(146)?
93
Suppose 0 = -14*t + t + 6526. Suppose -939 = t*y - 505*y. What is the remainder when y is divided by 79?
76
Let l(s) = -s**2 + 102*s - 1342. What is the remainder when 1090 is divided by l(17)?
60
Let c(d) = -4*d**3 + 14*d**2 + 7*d + 23. Let f(h) = h**3 - h**2 + h - 1. Let o(k) = c(k) + 3*f(k). What is the remainder when o(11) is divided by 67?
63
Suppose 4*u - h = 573, -23*u + 3*h = -1315 - 1999. What is the remainder when 11306 is divided by u?
141
Let z be (28/6)/((-26)/(-1170)). Let k = -295 + 154. Let v = z + k. What is the remainder when v is divided by 24?
21
Suppose -y + 14 = -2. Let h(l) = 17*l - 215. Calculate the remainder when h(y) is divided by 10.
7
Let y(n) = 4*n**2 + 5*n - 5. Let o = 1435 - 1416. What is the remainder when y(6) is divided by o?
17
Let d = 105236 + -170224. Calculate the remainder when d/(-264) + (-5)/(-18)*3 is divided by 25.
22
Let f(q) = -q**3 + 12*q + 2*q**2 + 2*q**2 - 6 - 14*q + 2*q**2. Suppose k = 13 - 8. What is the remainder when f(k) is divided by 4?
1
Let h(z) = -40*z. Let f = 11 - 13. Suppose -12 = -7*r + 177. What is the remainder when h(f) is divided by r?
26
Let q be (-184)/138*267/(-4). Suppose 0 = 13*d - 340 - q. Calculate the remainder when 108 is divided by d.
9
Let h = -187 + 478. What is the remainder when h is divided by 272?
19
Suppose 0 = -6*d + 2*d + c + 958, 500 = 2*d + 3*c. What is the remainder when 6262 is divided by d?
237
Suppose -141 = -3*o + 3*a, -5*a + 5 = o - 12. Let q(r) = -31 + 63 - 28 + 6*r. What is the remainder when o is divided by q(3)?
20
Let t(o) = 4*o**2 + 83*o - 205. What is the remainder when 2912 is divided by t(-23)?
0
Let i(f) = 2*f**3 - 2*f**2 + 6*f - 2. Calculate the remainder when i(7) is divided by 90.
88
Suppose 5*a + 5*p - 305 = 0, -10*a = -7*a - 3*p - 159. Calculate the remainder when 155 is divided by (6/a - 8500/969)*-3.
25
Let c = 2256 + -18. Calculate the remainder when c is divided by 35.
33
Let k(f) = -f - 13. Let o be k(-5). Let j(m) = 3*m + 21. Let i be j(o). What is the remainder when 14 is divided by (-78)/(-9) + 2/i?
6
Let c be ((-190)/(-25))/(3*(-6)/(-135)). Let l = c + 35. What is the remainder when l is divided by (-97)/(-4) - 1/4?
20
Suppose 8*h - 51 = -r + 3*h, 0 = -4*r - 4*h + 220. Calculate the remainder when 390 is divided by r.
54
Suppose 3*h = -8*h - 99. Let p(z) = 8*z + 8. Let r be p(h). Let g = r - -109. Calculate the remainder when g is divided by 25.
20
Suppose -3*s + 5*s + 2*w - 8 = 0, 4*w - 21 = -5*s. Suppose b = s*m + 19, 35*m + 201 = 4*b + 40*m. Calculate the remainder when 48 is divided by b.
4
Let d = 24 + 12. Let m(x) = -2*x + 25. Let v be m(10). Suppose 0 = -3*j + 5*u + 24, 4*u - 17 = v*j - 70. What is the remainder when d is divided by j?
10
Calculate the remainder when 228/(-95)*(-885)/2 is divided by 14.
12
Let g(z) = 36*z**2 + z. Let m be g(1). Suppose 3*x = 2*h + 19 - 93, -m = -h - 2*x. What is the remainder when h is divided by 18?
1
Suppose 4*c = -0*c. Suppose 2*p + 75 - 279 = c. Suppose 24*n - 26*n = -p. What is the remainder when n is divided by 18?
15
Let v(o) = -o**3 - 29*o**2 - 138*o + 423. Calculate the remainder when v(-23) is divided by (1 + (-12)/9)*-51.
15
Suppose 110 = 3*d + 5*n, -18 = 2*d + 21*n - 56. Let v(b) = 13*b**2 - 3*b - 7. What is the remainder when v(-3) is divided by d?
39
Suppose 236 = g - 84. Suppose -318*d + g*d = 30. Calculate the remainder when 194 is divided by d.
14
Let c(k) = -74*k + 1340. What is the remainder when 2318 is divided by c(18)?
6
Let m(t) = 6*t. Let i(a) = 54*a + 135. Let n(c) = -i(c) + 5*m(c). Calculate the remainder when n(-16) is divided by 36.
33
Suppose 0 = 2*y - 4, -97 = 4*r - 5*y - 207. Let p = 106 + -57. Calculate the remainder when p is divided by r.
19
Let z be (-1 - 4)*(8 + 18 + 4). Let m = z - -162. What is the remainder when 46 is divided by m?
10
Suppose -4*r - 2 + 2 = 0. Suppose r = 2*f + i - 30, 4*i - 74 = -5*f + 2*i. What is the remainder when ((-2)/6)/(1/(-117)) is divided by f?
11
Suppose -11*n = -15*n + 2*t + 1556, 0 = 3*n - 5*t - 1167. Suppose l = -a + 369, -2*a + 354 = -3*l - n. What is the remainder when a is divided by 95?
85
Let z(r) = -4*r + 21. Let j be z(8). Calculate the remainder when -1 + 249 - ((j - -10) + -4) is divided by 43.
38
Suppose -10*r = 1311 - 5591. What is the remainder when r is divided by 27?
23
Suppose m - 5*r = 241, 27*r - 31*r = 3*m - 761. What is the remainder when m is divided by 52?
43
Let q(t) = -t**3 + 7*t**2 - t - 2. Calculate the remainder when ((-119)/(-2))/(199/398) is divided by q(3).
26
Suppose 11 = 3*z + z - 3*p, 3*z + 3*p - 24 = 0. Suppose n + c = -0*c + 76, -z*n + 348 = -3*c. Calculate the remainder when n is divided by 21.
9
Calculate the remainder when 7017 is divided by 27/(-36) + 714/24.
28
Suppose -74*t = -71*t - 6. What is the remainder when -2 - -3 - 11*-2 is divided by 1/t + 75/6?
10
Let q be -2 + 1 + 0 + -75. Let g = -51 - q. Suppose 3*s - 131*s - 127*s = 4*s - 3626. Calculate the remainder when g is divided by s.
11
Suppose -4174 = -21*h + 2735. Suppose 16*k = 9*k + h. What is the remainder when k is divided by 13?
8
Calculate the remainder when 20902 is divided by -67*(600/20)/(-10).
199
Let q be 3 + (-19)/6 + (-1)/(-6). Let z be q + (-4 + 1)*-1. Suppose -z = -u - 1. What is the remainder when 11 is divided by u?
1
Suppose -j + 5*a = -28, 3*a = -5*j + 94 + 130. Calculate the remainder when 334 is divided by j.
33
Calculate the remainder when (1045/(-25))/11*-20 is divided by 61.
15
Let s = 3888 + -3316. What is the remainder when s is divided by 60?
32
Suppose 0 = 2*k - 4*s - 330, -4*k - 3*s + 8*s = -651. What is the remainder when 511 is divided by k?